
16252887
In base 12, what is -1530815 - 2a?
-1530843
In base 10, what is 35908717 - -5?
35908722
In base 6, what is -35 + 410254?
410215
In base 6, what is -3255 - -1121?
-2134
In base 14, what is 1520b5d - -1?
1520b60
In base 4, what is 111 - -13230333?
13231110
In base 4, what is 22231 + -1002010?
-313113
In base 2, what is -1101001010101000 - -1110101111110?
-1011010100101010
In base 9, what is 2453242 + -8?
2453233
In base 6, what is -2 + 2545522241?
2545522235
In base 12, what is -8 + -560962?
-56096a
In base 7, what is -1135340 + -13536?
-1152206
In base 9, what is -5 - 1145204?
-1145210
In base 15, what is -6db + -632e5?
-639d1
In base 10, what is -3068618 - 8?
-3068626
In base 7, what is -35604263 + -11?
-35604304
In base 5, what is -130312330243 + -10?
-130312330303
In base 16, what is 6 + -3271c7?
-3271c1
In base 4, what is 103131212023210 + 11?
103131212023221
In base 2, what is 101111000000110111011111001010 - 101?
101111000000110111011111000101
In base 12, what is 9aa067 + -102?
9a9b65
In base 13, what is -2384 + -2180?
-4534
In base 15, what is 2e4 - -90c?
c01
In base 11, what is 7 - -22aa732?
22aa739
In base 8, what is 52000 - -734?
52734
In base 11, what is -4 - -25758895?
25758891
In base 8, what is 23704325 - 17?
23704306
In base 7, what is 30363355 + -33?
30363322
In base 14, what is -5a4 + -141?
-705
In base 11, what is -31 - 736576?
-7365a7
In base 14, what is -3031d4 - 111?
-303305
In base 13, what is 73224c + -3b?
732211
In base 13, what is bc355 - -a8?
bc430
In base 2, what is 100011111010 - -1101111100000?
10010011011010
In base 15, what is 10ce26 - a?
10ce1b
In base 6, what is -55155 + 142544?
43345
In base 3, what is -11001120 + -2020100?
-20021220
In base 10, what is 54 + -72716?
-72662
In base 3, what is 11220111011 + 122212?
11221011000
In base 8, what is 2315 - 222155?
-217640
In base 9, what is -1084 - -60175?
58081
In base 10, what is 10 - -144982?
144992
In base 12, what is -19b7410 - 3?
-19b7413
In base 2, what is 1111111110111011110110101 - 100?
1111111110111011110110001
In base 9, what is -25118111 - 18?
-25118130
In base 12, what is 51b - 76830?
-76311
In base 14, what is 51 + -158801?
-158790
In base 11, what is -780932 + -214?
-781046
In base 4, what is -10300103 - -22?
-10300021
In base 16, what is -10d3b - -1e5?
-10b56
In base 11, what is -3034065 + a?
-3034056
In base 6, what is 123140114 + 0?
123140114
In base 4, what is -3110132033013 + 1?
-3110132033012
In base 9, what is -5 - 623822?
-623827
In base 8, what is 34732106 - 4?
34732102
In base 15, what is 1b5 - -4a78?
4c3d
In base 7, what is 504 + -334135?
-333331
In base 5, what is -2400042141 + 0?
-2400042141
In base 4, what is 10010001003 - 2?
10010001001
In base 8, what is -13 + -13667631?
-13667644
In base 13, what is -12783124 - -3?
-12783121
In base 8, what is -44341 + -11445?
-56006
In base 10, what is -60721910 - 2?
-60721912
In base 9, what is 4 + -23488255?
-23488251
In base 10, what is 3 + 253671?
253674
In base 12, what is 251 + 32364?
325b5
In base 3, what is -12000101 - -11110202?
-112122
In base 11, what is 159426 - -300?
159726
In base 10, what is -1334756 - -395?
-1334361
In base 4, what is -211 + -13133010320?
-13133011131
In base 9, what is -5 + -6041340?
-6041345
In base 6, what is -142 - -4211325?
4211143
In base 2, what is -1001110100111 + -10010110010000000?
-10100000000100111
In base 5, what is 32 + -103103201?
-103103114
In base 7, what is -516336612 - 3?
-516336615
In base 10, what is 27190475 - 7?
27190468
In base 9, what is 28724 - -16320?
46144
In base 7, what is 534 - -12612200?
12613034
In base 10, what is 3746029 - 5?
3746024
In base 2, what is -10011010110100100001101001 - -10?
-10011010110100100001100111
In base 6, what is 205 - -100544255?
100544504
In base 13, what is 712 - -3335?
3a47
In base 13, what is -2 + -66a0bb?
-66a0c0
In base 8, what is 71730 - 1044?
70664
In base 2, what is 1110010 + 1010000110110?
1010010101000
In base 15, what is -92320d + -5?
-923213
In base 3, what is 120010100102 - -211?
120010101020
In base 11, what is 136639a + 337?
1366726
In base 12, what is -12a3897 - 56?
-12a3931
In base 10, what is 1334 + -3848?
-2514
In base 16, what is 5bf090 + -9?
5bf087
In base 9, what is 347830 + -58?
347761
In base 6, what is -101220 + -3522?
-105142
In base 6, what is -22012 + -443230?
-505242
In base 6, what is -10421034 - -342?
-10420252
In base 14, what is -139ab + -1796?
-15363
In base 2, what is 101010000 - -101000101011011001111?
101000101100000011111
In base 8, what is -25152 - -53722?
26550
In base 8, what is 3605254 + 25?
3605301
In base 11, what is 166143 - -376?
166509
In base 3, what is -1212212 - -222111221?
220122002
In base 6, what is -1201511 + -10351?
-1212302
In base 2, what is -100 + -11011001010001011101000001?
-11011001010001011101000101
In base 7, what is 11 - 404016?
-404005
In base 3, what is 10212021 + 20022120012?
20110102110
In base 15, what is -1c + -162dd?
-1630a
In base 15, what is 24ce27 + -11c?
24cd0a
In base 2, what is -100 - 11011001001011001101110101?
-11011001001011001101111001
In base 5, what is 1 + -221424312130?
-221424312124
In base 15, what is 3b8 + -2e8?
c0
In base 8, what is 643 - 3445046?
-3444203
In base 5, what is 2232044304324 + -1?
2232044304323
In base 9, what is 127 + -124016?
-123778
In base 5, what is 32110211 + 3133?
32113344
In base 10, what is 363101257 + 0?
363101257
In base 8, what is 1 + -5273103?
-5273102
In base 10, what is 1966 - 30096?
-28130
In base 6, what is -403102015 + -120?
-403102135
In base 15, what is b1977b - 3?
b19778
In base 3, what is 22201110 + 2212202210?
10012111020
In base 2, what is -10010000100011 - 100001011?
-10010100101110
In base 11, what is 1186 + 486a4?
4987a
In base 6, what is 5 + 54510502?
54510511
In base 12, what is 9245a - 361?
920b9
In base 2, what is -111 + -1011011110001101000011?
-1011011110001101001010
In base 7, what is -542622556 - 1?
-542622560
In base 12, what is -5611881 + -5?
-5611886
In base 14, what is -22d + -3d9d?
-41cc
In base 3, what is -202022211022 - 100?
-202022211122
In base 6, what is 23 + -250114004?
-250113541
In base 11, what is 147229282 - 0?
147229282
In base 12, what is -119 - -21510?
213b3
In base 4, what is 121 + -102001022200?
-102001022013
In base 13, what is 1 + 48b129?
48b12a
In base 5, what is 24112 - -11032304?
11111421
In base 2, what is -1100000 - -10010001001000001?
10010000111100001
In base 16, what is -2196a0 - -24?
-21967c
In base 14, what is 169 + 154b2?
1563b
In base 2, what is -1111111 - -1001010010110000111110?
1001010010101110111111
In base 5, what is 43431304 - -1242?
43433101
In base 12, what is -a34 + 66a92?
6605a
In base 12, what is -1a82b - 28b?
-1aaba
In base 12, what is 18 + 303b8b?
303ba7
In base 8, what is 327164 - -120?
327304
In base 6, what is -4122 - 1124344?
-1132510
In base 2, what is -110001101101100000 - 1000100?
-110001101110100100
In base 14, what is 24733 + -18?
24719
In base 6, what is 5 - 101002515?
-101002510
In base 14, what is -24 - 95a020?
-95a044
In base 16, what is -a2 - -4000?
3f5e
In base 10, what is 1506 - -181878?
183384
In base 12, what is -7949345 - -5?
-7949340
In base 16, what is 48f7f - 37?
48f48
In base 2, what is -110000100100011100111001 - 101?
-110000100100011100111110
In base 6, what is -302 + -5420142?
-5420444
In base 8, what is -16325 - -7004?
-7321
In base 13, what is 18661 - 412?
1824c
In base 7, what is 365140 + -5?
365132
In base 16, what is 0 - -95dff88?
95dff88
In base 7, what is -14335033 - -2133?
-14332600
In base 7, what is -140423 + -102?
-140525
In base 15, what is e13ce - 6e?
e1360
In base 13, what is -bc016 + -144?
-bc15a
In base 10, what is -36830455 - -47?
-36830408
In base 13, what is -621193 - -2?
-621191
In base 16, what is -15421a7 + 4?
-15421a3
In base 11, what is 5638666 - 5?
5638661
In base 5, what is -1144 + 332012?
330313
In base 9, what is 4250 - 3455?
684
In base 11, what is -196 + -283?
-469
In base 9, what is -350275 + 68?
-350206
In base 10, what is -114824 + -1177?
-116001
In base 14, what is 18 - -41bd233?
41bd24b
In base 7, what is -4424 - 2342?
-10066
In base 7, what is -316 + 115146141?
115145522
In base 15, what is -13e8bd + -d8?
-13e9a6
In base 2, what is -110010110010111100000 - 